2*c - 84. Let t(b) = -14*b - c*b - 4 + 12. Is t(-13) prime?
True
Let u = -91 + 91. Suppose -c = 4*y - 6*y + 1, -2*y + 4*c - 8 = u. Suppose y*s = 9*s - 3521. Is s a composite number?
False
Let d = 649362 + -284893. Is d a prime number?
False
Suppose -q = -7*q + 56844. Let x = q - 4321. Is x a prime number?
True
Suppose 27*p - 36423585 = -72*p. Is p a composite number?
True
Let x = -96727 + 265488. Is x composite?
False
Suppose 0 = 4*a - 5*l - 615 - 992, 4*l - 836 = -2*a. Let k(w) = -1 - a*w + 301*w - 8. Is k(-4) a composite number?
False
Let k(f) = 583 + f**2 - 254 - 2771 - 2*f. Let j be k(0). Let g = -1399 - j. Is g composite?
True
Suppose 4*o + 581747 + 2089404 = 3*i, 0 = -2*i - 3*o + 1780756. Is i a composite number?
True
Suppose -74*c - 64460 = -76*c. Suppose -5*w + 15*w = c. Is w composite?
True
Suppose 40 = 7*j - 3*j. Let w(m) be the first derivative of 6*m**3 - 8*m**2 + 17*m + 1127. Is w(j) a composite number?
False
Let j be (-1 + -1)/(-6 - (-50)/8). Let q = j - -24. Suppose 12*f + 12260 = q*f. Is f a composite number?
True
Suppose -4*b - r = -13, -b + r = 2*b - 15. Let n = 7 - b. Suppose -n*d + 9 + 30 = 0. Is d prime?
True
Suppose 180015 + 141381 + 33247 = o. Is o composite?
False
Let g(i) = 32*i**2 - 675*i + 11. Is g(-36) a prime number?
False
Suppose -4*n + 1398 = 2*c, -5*c + 4*n = -3190 - 319. Let l = 6730 - c. Is l prime?
True
Suppose -3*m - 55046 = j, -5*m - 95129 = 4*j - 3395. Suppose -2*h = -2*b - 4, 1 = -3*b - h + 3*h. Is m/(-15)*b/2 prime?
False
Let u(l) = -936*l**3 - 42*l**2 + 15*l + 65. Is u(-6) composite?
False
Let m(h) = 630*h - 136. Is m(63) composite?
True
Is 141/235 - 492652/(-5) a prime number?
False
Suppose -599 - 2097 = -2*d + 5*s, 0 = -2*d + s + 2712. Suppose 3373 = 5*p - 3*q + 6*q, 2*p - q - d = 0. Is p prime?
True
Suppose -1652703 + 914046 = -26*x + 1471577. Is x prime?
True
Let j(q) = 4742*q**2 + 255*q - 1254. Is j(5) prime?
True
Let q = 387 - 361. Suppose -8*v - q*v = -12886. Is v composite?
False
Suppose 0 = -51*k + 11022553 + 5100230. Is k a prime number?
True
Suppose 2*k = 2*g - 230416, -970*g - 4*k = -966*g - 460856. Is g a prime number?
True
Let a(v) = -v**2 + 3*v + 12. Let m be a(0). Suppose 21*h = m*h + 25371. Is h prime?
True
Suppose 3*c = -8 - 7. Is (-4861*(-3)/(-15))/(1/c) prime?
True
Let z = 92503 - 28884. Is z prime?
False
Let x = 41 - -6458. Is x a prime number?
False
Is (-11 + -18 - -25)*(-451889)/4 a prime number?
False
Let t(v) = v + 13. Let u be t(-11). Let n be (-4052)/8*-2*u/1. Let w = n + -1319. Is w a composite number?
True
Is 130954 + 28 + -17 - -18 a prime number?
False
Let x = 105844 - 39507. Is x prime?
True
Let h = -11698 - -52041. Is h a composite number?
False
Suppose 0 = -16*g + 18*g - b + 2199, -2*g + 4*b = 2208. Let w = -777 - g. Is w a composite number?
True
Let d = -74 + 74. Suppose u - 3*t - 3117 = -2*u, -4*u + 2*t + 4164 = d. Is u a composite number?
True
Is (4791*3/(-54)*-6)/((-2)/(-22)) a composite number?
True
Suppose -i = u - 5*i - 21, 2*u - 3*i - 27 = 0. Suppose 13*h - 106942 = -u*h. Is h composite?
False
Let b(p) = 7*p**2 + 399*p - 159. Is b(-107) a composite number?
True
Is 791332/181 - 3*1 prime?
False
Let r(y) = -493*y + 180. Let h be (-2 + 3)*(-14 + (-2 - -3)). Is r(h) a composite number?
True
Suppose -5*o = 2*l + 3*l - 1945, 2*l = -4*o + 776. Let b = l + 293. Let z = b - 460. Is z a composite number?
False
Let u(f) = -f**2 - 12*f + 25. Let v be u(-11). Let p = -34 + v. Suppose -3475 = -4*n - w, -p*n + n + 867 = 2*w. Is n a composite number?
True
Suppose -38 = 3*v + 43. Let n = v + 31. Suppose 4*h - 4*y - 7516 = 0, 0 = 2*h - n*y + 3*y - 3762. Is h a composite number?
True
Let j(n) = -n**3 + 85*n**2 - 253*n - 221. Is j(80) a prime number?
False
Suppose -4*t + 2*o = 6, -2*t - o - 1 = -4. Suppose -4*l + t*x = x - 570, 0 = -3*l - 2*x + 425. Is l composite?
True
Let i(x) = -10*x - 47. Let d be i(-5). Suppose 3*k - 4*z - 60 = 0, 4*k + 2*z + d*z = 49. Is (-13610)/4*k/(-40) a composite number?
False
Suppose -1127 = -31*u + 51. Suppose 2995 = 43*p - u*p. Is p a prime number?
True
Let j(d) = -d**2 + 12*d + 17. Let s be j(13). Suppose -s*c = -2*c. Suppose c = -4*x - 4, -x = 3*o - 758 - 1452. Is o prime?
False
Let x(w) = w**2 + 8*w - 17. Let g be x(2). Suppose 0*j + g*j = s + 7261, -3*s = -4*j + 9688. Is j prime?
False
Let x(i) = i**3 - i**2 - i. Let p be x(0). Let y(a) = 2*a**3 - a**2 - 2*a + 577. Is y(p) composite?
False
Let u(z) = -555*z - 1. Let t be u(-2). Let c = -143 - -145. Suppose -v - 4436 = -c*y - 2*y, y = -3*v + t. Is y a composite number?
False
Let y(j) = -6*j + 9. Let w be y(3). Let b be ((-6)/w)/(2*(-1)/(-6)). Suppose 4*h = -2*c + b*h + 808, -3*h - 1996 = -5*c. Is c a prime number?
True
Suppose 0*k + 9*k - 45 = 0. Suppose x - 3 = 1. Suppose -i - 2261 = -k*t + i, -12 = x*i. Is t prime?
False
Let d be -1*18/2*(-15)/9. Let h = -17 + d. Is 295 + 2*(-1 - (h - -2)) a prime number?
True
Suppose 9*w - 4*w + 5*s + 3635 = 0, -2*w - 3*s - 1456 = 0. Let m = w - -1042. Is m prime?
True
Let g = 404 + 53. Let d be 2/4 - (-3390)/4. Let o = d - g. Is o a composite number?
True
Suppose 326 = 4*c + 2*r - 3268, 3*r = 3*c - 2718. Let p = c + -587. Is p prime?
False
Let o be (-3 - -2)*(2 + -1). Let n(g) = 4360*g**3 - 13*g + 2. Let t(r) = -2180*r**3 + 6*r - 1. Let k(h) = 6*n(h) + 13*t(h). Is k(o) prime?
True
Let h be (-12)/24 + ((-30)/(-4) - 1). Suppose 0 = -4*n - 4*p + 19124, 4*n = -p + h*p + 19142. Is n composite?
False
Let v = -2132 - -1268. Let u = 1603 + v. Is u composite?
False
Let s be 2/(12 - 2 - 8). Is (5 + 10 - 10) + 1451 + s prime?
False
Let x = 86 + -89. Let h(d) = 120*d**2 - 8*d - 5. Is h(x) composite?
True
Let d(g) be the second derivative of -40*g**3 + 197*g**2/2 + 114*g. Is d(-47) a prime number?
False
Suppose 152*w = 2*n + 151*w - 550254, 2*n - 550242 = 4*w. Is n prime?
True
Let m(h) = h**3 + 18*h**2 - 42*h - 18. Suppose 3*x + 51 = -3*q, 4*x = q + 3 + 14. Is m(q) a composite number?
True
Suppose 27800 - 283144 = -16*a. Is a a prime number?
True
Let k = -624 + 1614. Let n be (-5)/(1*1/(-139)). Let c = k - n. Is c prime?
False
Suppose -5*w = -5*y - 830, 5*w - 860 = 3*y - 8*y. Suppose 14*f = 883 - w. Is f prime?
False
Suppose 3*o + 8*q - 9*q + 8530 = 0, 0 = 2*o + 3*q + 5694. Let k = 1777 - o. Is k a prime number?
True
Let l(v) be the third derivative of -v**6/720 + 3833*v**5/120 + 3*v**4/8 - 11*v**2. Let n(g) be the second derivative of l(g). Is n(0) a composite number?
False
Suppose 5*b - 13*b = 0. Suppose 3*a + 3692 + 4453 = b. Let y = -1046 - a. Is y prime?
True
Let z = 92248 + -36981. Is z composite?
True
Let f = 83 + -80. Suppose -k - 4*d = -7431, f*k - 16907 - 5372 = 2*d. Is k a composite number?
True
Let f(z) = -5*z - 26. Let s be f(-6). Suppose -s*n = -6080 - 60. Is n a prime number?
False
Let z be 2/2*-1 - 2. Let u(h) = -h**2 + 2*h. Let q(b) = -26*b**2 - 7*b - 5. Let f(m) = -q(m) - 3*u(m). Is f(z) composite?
False
Suppose -2*a + 15 = 11. Let g(l) = 2*l**a - 28*l + 37*l + 41 + 16*l**2 - 28*l + l**3. Is g(-17) composite?
False
Suppose 3050790 = 32*w + 589766. Is w prime?
True
Suppose o = -3*f + 23, 5*f + 4*o = -0*o + 29. Suppose -f*p - 27*p = -135468. Is p prime?
False
Let q(h) = 251*h - 2196. Is q(83) composite?
False
Suppose 13*g = 9*g + 4. Is 890 - 3 - (-1 - g) prime?
False
Let m(o) = 5*o**2 + 2*o - 4*o**3 + 33*o**3 - 6*o**3 - 17. Let c(w) = 9*w - 32. Let h be c(4). Is m(h) prime?
True
Suppose -2*w + 990 = 486. Suppose -6*r + w = -5382. Is r a composite number?
True
Let f(d) = 2*d**2 + 9*d - 7. Let z be f(-5). Is ((-4492)/z - -3) + -6 prime?
True
Let q(o) = -9*o + 14. Let t be q(1). Let p(g) = 14*g**3 + 4*g**2 + 2*g - 13. Is p(t) a composite number?
False
Suppose 0 = z - 247 - 468. Let q = 1932 - z. Is q composite?
False
Is 287909 - (-11 - -6) - (-21 - -14) a composite number?
False
Let d(l) = 102*l + 7. Let h be d(4). Suppose t = -5*g + 439, -5*g + 6*t + h = t. Suppose -5436 = -3*r + g. Is r composite?
True
Suppose -5*l + 3*m - m = -67021, l + 5*m = 13388. Is 2/7 - l/(-7) a prime number?
False
Suppose 52*w - 208531 = -99*w. Is w a prime number?
True
Suppose 101 = q - 2*x + 359, -278 = q + 2*x. Is 21/(-28)*q/3 a prime number?
True
Let v(q) be the second derivative of -9/2*q**2 + 3/4*q**4 - 1/2*q**3 + 18*q + 0. Is v(8) prime?
False
Let z = 359 + -290. Let d = 1